{"id":153,"date":"2021-09-12T13:59:43","date_gmt":"2021-09-12T13:59:43","guid":{"rendered":"http:\/\/valeriegaillard.django.group\/?page_id=153"},"modified":"2025-06-01T11:48:13","modified_gmt":"2025-06-01T11:48:13","slug":"mon-parcours","status":"publish","type":"page","link":"https:\/\/tomatisartetmusique.ch\/?page_id=153","title":{"rendered":"Mon parcours: la fascination pour la musique"},"content":{"rendered":"\n<p>J&rsquo;ai moi-m\u00eame exp\u00e9riment\u00e9 la m\u00e9thode, rencontr\u00e9 le Professeur Tomatis et vu les b\u00e9n\u00e9fices, l&rsquo;ouverture et l&rsquo;enrichissement qu&rsquo;elle procure pour le d\u00e9veloppement de la personne sur le plan  physiologique et psychologique. Que ce soit en concert ou en th\u00e9rapie, la musique a un impact puissant. Utilis\u00e9 \u00e0 bon escient, le son est un \u00e9l\u00e9ment catalysateur et agit sur notre organisme avec des effets spectaculaires. <\/p>\n\n\n\n<p>La d\u00e9couverte de la m\u00e9thode Tomatis lors de mes \u00e9tudes musicales \u00e0 la Haute Ecole de Musique de Z\u00fcrich m&rsquo;a tellement enthousiasm\u00e9e que je me suis rendue \u00e0 Paris pour le rencontrer en personne et me former \u00e0 sa m\u00e9thode. <\/p>\n\n\n\n<p>Enthousiaste je l&rsquo;\u00e9tais et le suis rest\u00e9e!<\/p>\n\n\n\n<p><\/p>\n\n\n\n<ul class=\"wp-block-list\">\n<li><strong>Musicienne prof. (Musikhochschule Z\u00fcrich, Haute Ecole de Lausanne, Paris), active en concerts, grande exp\u00e9rience dans l&rsquo;enseignement. <\/strong><\/li>\n\n\n\n<li><strong>Consultante Tomatis exp\u00e9riment\u00e9e<\/strong><\/li>\n\n\n\n<li><strong>Musicoth\u00e9rapeute dipl\u00f4m\u00e9e \u00e0 Gen\u00e8ve en 2013, Master of Advanced Studies  \u00e0 la Z\u00fcrcher Hochschule der K\u00fcnste ZHdK, Upgrade MAS, en 2020<\/strong>, <strong>sp\u00e9cialisation pour les pr\u00e9matur\u00e9s en n\u00e9onatologie en 2024.<\/strong><\/li>\n\n\n\n<li><strong>Active de 2017 \u00e0 2024 au D\u00e9partement Universitaire Psychiatrique de Berne <\/strong><\/li>\n\n\n\n<li><strong>Active \u00e0 la Privatklinik de Meiringen (BE).<\/strong><\/li>\n\n\n\n<li><strong>Reconnaissance ASCA<\/strong><\/li>\n<\/ul>\n\n\n<div class=\"wp-block-image\">\n<figure class=\"aligncenter size-large is-resized\"><img loading=\"lazy\" decoding=\"async\" width=\"683\" height=\"1024\" src=\"http:\/\/valeriegaillard.django.group\/wp-content\/uploads\/2021\/09\/IMG_2736-1-683x1024.jpg\" alt=\"\" class=\"wp-image-210\" style=\"width:237px;height:355px\" srcset=\"https:\/\/tomatisartetmusique.ch\/wp-content\/uploads\/2021\/09\/IMG_2736-1-683x1024.jpg 683w, https:\/\/tomatisartetmusique.ch\/wp-content\/uploads\/2021\/09\/IMG_2736-1-200x300.jpg 200w, https:\/\/tomatisartetmusique.ch\/wp-content\/uploads\/2021\/09\/IMG_2736-1-768x1152.jpg 768w, https:\/\/tomatisartetmusique.ch\/wp-content\/uploads\/2021\/09\/IMG_2736-1-1024x1536.jpg 1024w, https:\/\/tomatisartetmusique.ch\/wp-content\/uploads\/2021\/09\/IMG_2736-1-1365x2048.jpg 1365w, https:\/\/tomatisartetmusique.ch\/wp-content\/uploads\/2021\/09\/IMG_2736-1-scaled.jpg 1707w\" sizes=\"auto, (max-width: 683px) 100vw, 683px\" \/><\/figure>\n<\/div>","protected":false},"excerpt":{"rendered":"<p>J&rsquo;ai moi-m\u00eame exp\u00e9riment\u00e9 la m\u00e9thode, rencontr\u00e9 le Professeur Tomatis et vu les b\u00e9n\u00e9fices, l&rsquo;ouverture et l&rsquo;enrichissement qu&rsquo;elle procure pour le d\u00e9veloppement de la personne sur le plan physiologique et psychologique. Que ce soit en concert ou en th\u00e9rapie, la musique a un impact puissant. Utilis\u00e9 \u00e0 bon escient, le son est un \u00e9l\u00e9ment catalysateur et &hellip; <\/p>\n<p class=\"link-more\"><a href=\"https:\/\/tomatisartetmusique.ch\/?page_id=153\" class=\"more-link\">Continuer la lecture<span class=\"screen-reader-text\"> de &laquo;&nbsp;Mon parcours: la fascination pour la musique&nbsp;&raquo;<\/span><\/a><\/p>\n","protected":false},"author":1,"featured_media":0,"parent":0,"menu_order":0,"comment_status":"closed","ping_status":"closed","template":"","meta":{"footnotes":""},"class_list":["post-153","page","type-page","status-publish","hentry"],"_links":{"self":[{"href":"https:\/\/tomatisartetmusique.ch\/index.php?rest_route=\/wp\/v2\/pages\/153","targetHints":{"allow":["GET"]}}],"collection":[{"href":"https:\/\/tomatisartetmusique.ch\/index.php?rest_route=\/wp\/v2\/pages"}],"about":[{"href":"https:\/\/tomatisartetmusique.ch\/index.php?rest_route=\/wp\/v2\/types\/page"}],"author":[{"embeddable":true,"href":"https:\/\/tomatisartetmusique.ch\/index.php?rest_route=\/wp\/v2\/users\/1"}],"replies":[{"embeddable":true,"href":"https:\/\/tomatisartetmusique.ch\/index.php?rest_route=%2Fwp%2Fv2%2Fcomments&post=153"}],"version-history":[{"count":15,"href":"https:\/\/tomatisartetmusique.ch\/index.php?rest_route=\/wp\/v2\/pages\/153\/revisions"}],"predecessor-version":[{"id":613,"href":"https:\/\/tomatisartetmusique.ch\/index.php?rest_route=\/wp\/v2\/pages\/153\/revisions\/613"}],"wp:attachment":[{"href":"https:\/\/tomatisartetmusique.ch\/index.php?rest_route=%2Fwp%2Fv2%2Fmedia&parent=153"}],"curies":[{"name":"wp","href":"https:\/\/api.w.org\/{rel}","templated":true}]}}

<p>J&rsquo;ai moi-même expérimenté la méthode, rencontré le Professeur Tomatis et vu les bénéfices, l&rsquo;ouverture et l&rsquo;enrichissement qu&rsquo;elle procure pour le développement de la personne sur le plan  physiologique et psychologique. Que ce soit en concert ou en thérapie, la musique a un impact puissant. Utilisé à bon escient, le son est un élément catalysateur et agit sur notre organisme avec des effets spectaculaires. </p>



<p>La découverte de la méthode Tomatis lors de mes études musicales à la Haute Ecole de Musique de Zürich m&rsquo;a tellement enthousiasmée que je me suis rendue à Paris pour le rencontrer en personne et me former à sa méthode. </p>



<p>Enthousiaste je l&rsquo;étais et le suis restée!</p>



<p></p>



<ul class="wp-block-list">
<li><strong>Musicienne prof. (Musikhochschule Zürich, Haute Ecole de Lausanne, Paris), active en concerts, grande expérience dans l&rsquo;enseignement. </strong></li>



<li><strong>Consultante Tomatis expérimentée</strong></li>



<li><strong>Musicothérapeute diplômée à Genève en 2013, Master of Advanced Studies  à la Zürcher Hochschule der Künste ZHdK, Upgrade MAS, en 2020</strong>, <strong>spécialisation pour les prématurés en néonatologie en 2024.</strong></li>



<li><strong>Active de 2017 à 2024 au Département Universitaire Psychiatrique de Berne </strong></li>



<li><strong>Active à la Privatklinik de Meiringen (BE).</strong></li>



<li><strong>Reconnaissance ASCA</strong></li>
</ul>


<div class="wp-block-image">
<figure class="aligncenter size-large is-resized"><img loading="lazy" decoding="async" width="683" height="1024" src="http://valeriegaillard.django.group/wp-content/uploads/2021/09/IMG_2736-1-683x1024.jpg" alt="" class="wp-image-210" style="width:237px;height:355px" srcset="https://tomatisartetmusique.ch/wp-content/uploads/2021/09/IMG_2736-1-683x1024.jpg 683w, https://tomatisartetmusique.ch/wp-content/uploads/2021/09/IMG_2736-1-200x300.jpg 200w, https://tomatisartetmusique.ch/wp-content/uploads/2021/09/IMG_2736-1-768x1152.jpg 768w, https://tomatisartetmusique.ch/wp-content/uploads/2021/09/IMG_2736-1-1024x1536.jpg 1024w, https://tomatisartetmusique.ch/wp-content/uploads/2021/09/IMG_2736-1-1365x2048.jpg 1365w, https://tomatisartetmusique.ch/wp-content/uploads/2021/09/IMG_2736-1-scaled.jpg 1707w" sizes="auto, (max-width: 683px) 100vw, 683px" /></figure>
</div>

<p>J&rsquo;ai moi-même expérimenté la méthode, rencontré le Professeur Tomatis et vu les bénéfices, l&rsquo;ouverture et l&rsquo;enrichissement qu&rsquo;elle procure pour le développement de la personne sur le plan physiologique et psychologique. Que ce soit en concert ou en thérapie, la musique a un impact puissant. Utilisé à bon escient, le son est un élément catalysateur et &hellip; </p>
<p class="link-more"><a href="https://tomatisartetmusique.ch/?page_id=153" class="more-link">Continuer la lecture<span class="screen-reader-text"> de &laquo;&nbsp;Mon parcours: la fascination pour la musique&nbsp;&raquo;</span></a></p>
